 the prime factors of 208180594.
2, 101, 349, 2953
List the prime factors of 4925581172.
2, 5179, 237767
What are the prime factors of 124257892?
2, 11, 2824043
What are the prime factors of 94038756?
2, 3, 7, 37, 79, 383
What are the prime factors of 52047836?
2, 13011959
List the prime factors of 114690398.
2, 17, 127, 26561
List the prime factors of 270676352.
2, 641, 3299
What are the prime factors of 1734404409?
3, 107, 643, 2801
List the prime factors of 46370253.
3, 137, 257, 439
List the prime factors of 47010466.
2, 317, 74149
What are the prime factors of 394312053?
3, 131437351
What are the prime factors of 195155395?
5, 39031079
What are the prime factors of 540113661?
3, 29, 199, 10399
What are the prime factors of 84089193?
3, 19, 149, 9901
List the prime factors of 731241489.
3, 11, 127, 149, 1171
What are the prime factors of 21272972?
2, 7, 293, 2593
List the prime factors of 1466699083.
43, 709, 48109
List the prime factors of 39081515.
5, 11, 710573
List the prime factors of 3519133607.
11, 23, 41, 101, 3359
What are the prime factors of 44227375?
5, 353819
List the prime factors of 1849479734.
2, 197, 4694111
What are the prime factors of 105316488?
2, 3, 419, 3491
What are the prime factors of 613421439?
3, 204473813
List the prime factors of 416060765.
5, 19, 31, 141277
What are the prime factors of 26082955?
5, 5216591
List the prime factors of 71548649.
41, 673, 2593
List the prime factors of 226421631.
3, 151, 166609
What are the prime factors of 85124187?
3, 9458243
List the prime factors of 64429260.
2, 3, 5, 7, 179, 857
What are the prime factors of 912249880?
2, 5, 22806247
List the prime factors of 93332911.
7, 13333273
What are the prime factors of 89674318?
2, 157, 277, 1031
List the prime factors of 183988411.
183988411
What are the prime factors of 36143861?
13, 31, 6899
What are the prime factors of 3278482405?
5, 11, 4423, 13477
What are the prime factors of 210327488?
2, 7, 29, 16189
List the prime factors of 6584708.
2, 13, 139, 911
What are the prime factors of 73026234?
2, 3, 19, 29, 37, 199
List the prime factors of 13356437.
13356437
What are the prime factors of 30899854?
2, 15449927
What are the prime factors of 295297447?
3019, 97813
List the prime factors of 32532965.
5, 1789, 3637
List the prime factors of 3453380805.
3, 5, 7, 2837, 11593
List the prime factors of 61304786.
2, 30652393
List the prime factors of 857986605.
3, 5, 7, 29, 93923
What are the prime factors of 669122936?
2, 283, 337, 877
List the prime factors of 2013058.
2, 823, 1223
What are the prime factors of 5266258201?
7433, 708497
List the prime factors of 1085205952.
2, 53, 319931
List the prime factors of 53027673.
3, 23, 599, 1283
What are the prime factors of 108675237?
3, 11, 17, 307, 631
List the prime factors of 79812065.
5, 19, 227, 3701
What are the prime factors of 2102240207?
71, 29609017
List the prime factors of 144452387.
144452387
What are the prime factors of 3837524765?
5, 41, 18719633
What are the prime factors of 1481917204?
2, 4493, 82457
What are the prime factors of 55400042?
2, 17, 1087, 1499
List the prime factors of 352199856.
2, 3, 7337497
List the prime factors of 695224052.
2, 997, 174329
What are the prime factors of 4825023?
3, 7, 229763
List the prime factors of 49505030.
2, 5, 29, 170707
What are the prime factors of 1941860736?
2, 3, 43, 73, 179
What are the prime factors of 140859530?
2, 5, 7, 479, 4201
List the prime factors of 66151873.
167, 396119
List the prime factors of 1136449642.
2, 23, 61, 17609
What are the prime factors of 47282462?
2, 3889, 6079
What are the prime factors of 41609446?
2, 20804723
List the prime factors of 1326631692.
2, 3, 110552641
List the prime factors of 150057805.
5, 461, 65101
What are the prime factors of 8386388?
2, 2096597
What are the prime factors of 50220137?
11, 37, 163, 757
List the prime factors of 5628461666.
2, 97, 29012689
What are the prime factors of 27529643?
23, 31, 38611
List the prime factors of 1811612738.
2, 13, 5359801
List the prime factors of 511723093.
7, 2801, 26099
What are the prime factors of 94520557?
223, 423859
What are the prime factors of 634846917?
3, 29, 7297091
What are the prime factors of 12495365?
5, 41, 60953
What are the prime factors of 30016686?
2, 3, 7, 151, 4733
List the prime factors of 118089102.
2, 3, 29, 41, 16553
What are the prime factors of 456724244?
2, 17, 6716533
What are the prime factors of 52104509?
1901, 27409
List the prime factors of 2094793270.
2, 5, 209479327
List the prime factors of 52113021.
3, 73, 237959
List the prime factors of 528301658.
2, 264150829
List the prime factors of 4334342773.
47, 92220059
What are the prime factors of 364721825?
5, 13, 17, 251, 263
What are the prime factors of 50517449?
29, 163, 10687
What are the prime factors of 1057905212?
2, 7, 13, 2906333
List the prime factors of 39569116.
2, 43, 379, 607
List the prime factors of 1241359540.
2, 5, 89, 181, 3853
What are the prime factors of 144770349?
3, 23, 29, 71, 1019
List the prime factors of 927890712.
2, 3, 7, 509, 3617
What are the prime factors of 882199644?
2, 3, 73516637
List the prime factors of 44693743.
37, 32647
List the prime factors of 237997443.
3, 181, 438301
List the prime factors of 206445532.
2, 263, 311, 631
List the prime factors of 1659480658.
2, 11, 41, 443, 4153
List the prime factors of 73077323.
11, 31, 223
List the prime factors of 1221107065.
5, 244221413
What are the prime factors of 1154578291?
31, 113, 329597
What are the prime factors of 299619843?
3, 757, 131933
List the prime factors of 140899614.
2, 3, 23483269
List the prime factors of 1368030035.
5, 17, 103, 156257
What are the prime factors of 42164109?
3, 13, 277, 1301
List the prime factors of 137585024.
2, 1074883
List the prime factors of 227568054.
2, 3, 7, 19, 40739
What are the prime factors of 3618721070?
2, 5, 361872107
What are the prime factors of 161090603?
161090603
What are the prime factors of 1343569417?
59, 22772363
What are the prime factors of 1812945441?
3, 31, 19494037
List the prime factors of 5371185779.
5003, 1073593
List the prime factors of 129651638.
2, 739, 87721
List the prime factors of 206111462.
2, 103055731
List the prime factors of 18504588.
2, 3, 37, 71, 587
List the prime factors of 731774821.
89, 197, 41737
What are the prime factors of 126426239?
23, 238991
What are the prime factors of 807711548?
2, 7, 17, 199, 8527
What are the prime factors of 299570984?
2, 37446373
What are the prime factors of 119461049?
37, 241, 13397
List the prime factors of 3790578213.
3, 17, 389, 63689
What are the prime factors of 1240337887?
733, 1692139
What are the prime factors of 187680797?
89, 2108773
What are the prime factors of 629441534?
2, 314720767
List the prime factors of 70663810.
2, 5, 7, 1009483
What are the prime factors of 907715270?
2, 5, 7, 11, 1178851
List the prime factors of 2165012603.
13, 29, 787, 7297
List the prime factors of 363187104.
2, 3, 7, 107, 5051
What are the prime factors of 26114315?
5, 23, 227081
List the prime factors of 1050871761.
3, 116763529
List the prime factors of 125658438.
2, 3, 19, 31, 37
List the prime factors of 65456767.
19, 3445093
What are the prime factors of 2673663315?
3, 5, 197, 904793
List the prime factors of 2760883271.
67, 3767, 10939
List the prime factors of 393645710.
2, 5, 17, 29, 79847
What are the prime factors of 98648368?
2, 7, 13, 9679
What are the prime factors of 5941225300?
2, 5, 3889, 15277
List the prime factors of 74295592.
2, 7, 31, 42797
What are the prime factors of 753388063?
113, 6667151
What are the prime factors of 64730737?
2243, 28859
List the prime factors of 582751177.
17, 5639, 6079
What are the prime factors of 465906291?
3, 8929, 17393
What are the prime factors of 53054674?
2, 26527337
What are the prime factors of 27723746?
2, 59, 234947
List the prime factors of 28940281.
157, 184333
What are the prime factors of 1867379092?
2, 61, 7653193
List the prime factors of 151087989.
3, 13, 23, 389, 433
What are the prime factors of 95844443?
2459, 38977
List the prime factors of 81612454.
2, 7, 11, 37, 14323
List the prime factors of 138807814.
2, 181, 547, 701
What are the prime factors of 703636572?
2, 3, 58636381
List the pr